ors of f?
3, 7
Suppose d = 3, -29 = -3*m + 4*d + 10. Suppose 2*l + 62 = -2*l + 3*x, 5*l - 2*x + 74 = 0. Let k = l + m. List the prime factors of k.
3
Let w = 111 - 13. List the prime factors of w.
2, 7
Let z(a) = -5*a + 8. Let x be z(-7). List the prime factors of (x - -2)*72/60.
2, 3
Let i(j) = -j + 1. Let z(a) = 89*a**2 - a + 3. Let s(p) = -3*i(p) + z(p). What are the prime factors of s(-1)?
3, 29
Let p be (5 + 174/(-30))/((-2)/(-10)). Let b(s) = s - 4*s - 6*s - 5. List the prime factors of b(p).
31
Let m = 5305 - 3319. What are the prime factors of m?
2, 3, 331
Let m(r) = -44*r - 158. What are the prime factors of m(-45)?
2, 911
Let h = 1744 + -489. List the prime factors of h.
5, 251
Let i(g) = 7*g**2 - 47*g + 392. List the prime factors of i(15).
2, 631
Suppose 5*i - 3*i + 127 = -5*x, 5*i + 5*x + 280 = 0. List the prime factors of 4/(-8)*8 - i.
47
Suppose -f + 137 - 961 = -4*m, -m = -2*f - 206. What are the prime factors of m?
2, 103
Let u be (-64)/40*(-10)/4. Let n(m) = 11*m - 9. What are the prime factors of n(u)?
5, 7
Suppose -4*w = 587 - 1679. Suppose w - 1351 = -7*k. What are the prime factors of k?
2, 7, 11
Let o be (-21)/(-84) + 770/(-8). Let i = o - -242. List the prime factors of i.
2, 73
Let r(i) = i**3 + 2*i**2 - 4*i + 5. Let t be r(-4). Let u = 32 + t. Let f = u - -60. What are the prime factors of f?
3
Let i be 24/(-15)*(-70)/4. Suppose -3*b = -7*b + i. List the prime factors of b.
7
Let p = 5528 + -3925. List the prime factors of p.
7, 229
Suppose -551*c - 23023 = -562*c. List the prime factors of c.
7, 13, 23
Let m be (-4)/(-6) + (-10)/15. Suppose 3*a + m = 5*l - 2, 2*l + a + 8 = 0. Let x(o) = -4*o**3 - o**2 + 4*o + 2. What are the prime factors of x(l)?
2, 11
Let x(n) = 2*n**2 + 2*n - 3. Let u be x(-4). Let p be (-4 - -1) + 3 - 3. Let j = u + p. What are the prime factors of j?
2, 3
Suppose 2*i + 5*n - 6112 = 0, 2*i - 4*n = 1438 + 4692. What are the prime factors of i?
3061
Let r(x) = -x**3 - 4*x**2 - 45*x - 232. List the prime factors of r(-11).
2, 3, 5, 37
Let c be -3*(2/1 - 3). What are the prime factors of (-332)/4*c/(-3)?
83
Let s = -33 + 37. Suppose 24 - 276 = -s*c. List the prime factors of c.
3, 7
Let q(z) = 114*z**2 + 16*z - 36. What are the prime factors of q(2)?
2, 113
Suppose -144 + 116 = -t. What are the prime factors of t?
2, 7
Suppose -3*w - 675 = -4*p + 3434, w = -p + 1022. What are the prime factors of p?
5, 41
Suppose -2*v = -i + 3*v + 3, -2*v - 15 = -5*i. Suppose 3*p + 2*p = 4*s - 1, i*p - 17 = -2*s. List the prime factors of (s/3)/(4/18).
2, 3
Let p(b) = 3*b**3 - 3*b**2 - b - 2. Let f be p(3). Suppose -2*l = 3*g - 39, l = -l - g + f. What are the prime factors of l?
3
Let z = -370 + 536. Let d = z - 84. List the prime factors of d.
2, 41
Suppose -1 = -2*q + 3. Let b(v) = -v**3 + 2*v**2 + 2*v. Let w be b(q). Suppose -5*i - w*c = 6, 2 - 14 = 2*i + 4*c. What are the prime factors of i?
2
Let v(p) = -26*p - 21. Suppose -r = 9 - 2. List the prime factors of v(r).
7, 23
Let f be (-1)/(-1)*(4 - 0). Suppose f*q + 8 = -0, -188 = -s - q. List the prime factors of s.
2, 5, 19
Let b(g) = -14*g**3 + g + 1. Let y(z) = -7*z - 23 + 8 + 14 - z**2. Let d be y(-7). What are the prime factors of b(d)?
2, 7
Suppose 60167 = 20*y + 10107. List the prime factors of y.
2503
Let j(p) = -5*p + 8*p - 6*p + 63 + 15. List the prime factors of j(19).
3, 7
What are the prime factors of (0 - (-1687)/21)/(4/144)?
2, 3, 241
Suppose -2*o - 5*u + 34 + 53 = 0, 0 = o + 2*u - 41. Let p be (-4)/(-8)*(o - -1). Suppose 7*t + p = 9*t. What are the prime factors of t?
2
Let s(a) = -a**3 - 3*a**2 + 15*a + 79. List the prime factors of s(-6).
97
Let j(c) be the second derivative of c**4/12 + c**3/3 - 3*c**2/2 - 4*c. Let i be j(-4). Suppose -x + 1 = 0, -i*r + 210 = 5*x - 60. List the prime factors of r.
53
Suppose -3*x + 2*z - 2487 = 7*z, -4*x - 5*z = 3311. What are the prime factors of ((-6)/(-4))/(6/x*-2)?
103
Let s(k) = 5*k**3 + 3 - 96*k**2 + 52*k**2 + 47*k**2 - 2*k. List the prime factors of s(2).
3, 17
Let u be -4 + 6/(-4)*-334. Suppose 7*r = 14*r - u. What are the prime factors of r?
71
Suppose 5*c = -0*c + 5*j + 3810, -5*c = -j - 3810. Suppose -43*f + c = -37*f. List the prime factors of f.
127
List the prime factors of (745 - 1)/(44/8 - 4).
2, 31
Let l = 498 - 274. What are the prime factors of (-1)/((-2)/l) + 3/(-3)?
3, 37
Let p(d) = -d**3 + 5*d**2 - 2*d - 1. Let i be p(4). Suppose n + v = 14 + 8, -5 = -5*v. List the prime factors of ((-4)/i)/((-3)/n).
2
What are the prime factors of (-72)/(-162)*(-12429)/(-2)?
2, 1381
Let y(v) = 3 + 2*v**3 + 8*v - 4*v**2 - 2 - 3*v - 6*v. Let m be y(3). Let w = m + -10. What are the prime factors of w?
2, 3
Let v(f) be the third derivative of f**6/120 + f**5/15 + 5*f**4/24 + 2*f**3/3 - f**2. Let q be v(-3). What are the prime factors of (-6)/12 + (-17)/q?
2
List the prime factors of ((-524)/786)/(2 + 9638/(-4818)).
2, 11, 73
Suppose 5*y - b - 10 = 0, y + 5*b = 1 + 27. Suppose -5*l + 270 = 2*m + 3*m, 9 = y*l. List the prime factors of m.
3, 17
Let q(c) = c + 14. Let v be q(-12). Suppose -u + v = -36. What are the prime factors of u?
2, 19
Suppose o - 2 = -15. Let h(v) = -9*v + 61. List the prime factors of h(o).
2, 89
Suppose 3*u = -2*i + i - 21, -28 = 3*i + 2*u. Let q(k) = -22*k - 6. List the prime factors of q(i).
2, 3, 7
Suppose -10752 = -2*h - 3*f, -29*h + 32*h - 16129 = -5*f. List the prime factors of h.
3, 199
Let w(v) = -19*v + 2. Let a be w(-7). Suppose 190 = 4*i - 2*k, -4*k = 4*i - a - 37. What are the prime factors of i?
2, 23
Let u be 1235/13 - 1*3. Let b = -69 + u. What are the prime factors of b?
23
Let j = 5 - 9. Suppose -7 = z - 5. What are the prime factors of 10 + -5 + j/z?
7
What are the prime factors of 6*1 + (485 - 48)?
443
Let n(d) = -d - 5. Let c(l) = l**3 + 7*l**2 + 2*l - 2. Let x be c(-7). Let o be 104/x - (-2)/(-4). List the prime factors of n(o).
2
Suppose 0 = -3*z - 2*p - 2*p + 14, 0 = 4*z - 5*p - 60. What are the prime factors of (-3 + z/4)*0 + 2?
2
Let t = -1423 - -2917. List the prime factors of t.
2, 3, 83
Let m = -1370 - -2101. What are the prime factors of m?
17, 43
Let x(z) = 4 - 13*z**3 + 2*z + 0*z + z**2 + 12*z**3. What are the prime factors of x(-4)?
2, 19
What are the prime factors of -2 + -1 + (-29997)/(-27)?
2, 277
Suppose 2*y - 3*y + 6 = 0. Suppose -138 = -y*p + 3*p. Let t = 27 + p. List the prime factors of t.
73
Let t(y) be the first derivative of y**4/4 + 8*y**3/3 + y**2 - 14*y - 4. Let c be 1 + 1/(-1) + -6. List the prime factors of t(c).
2, 23
Suppose -l = 2 - 6. Suppose l*n + 3*x = 303, 0*x - 5*x = -25. List the prime factors of n.
2, 3
Let h(d) = d**3 + 8*d**2 - d - 8. Let o be h(-8). Suppose 2*s + 28 + 6 = o. Let w = s - -24. List the prime factors of w.
7
Let b = 281 + -119. Let r be 2/(-4)*b/(-3). Let p = r + 16. What are the prime factors of p?
43
Let a = 30 + -30. Suppose 2*t + 43 = -5*q + 302, a = 4*q - 20. List the prime factors of t.
3, 13
Suppose 2*h - 4*o - 586 = 0, -889 = -3*h + 12*o - 8*o. List the prime factors of h.
3, 101
Let y = -6 + 8. Let n = y - 4. What are the prime factors of (-24)/(n/((-24)/(-9)))?
2
Let b be (-130)/(-3)*(-2 + -7). List the prime factors of (4/(-6))/(4/b).
5, 13
Suppose -3*k + 1862 = -4*r - r, -3*k = r - 1838. Suppose -8*i = -k + 246. What are the prime factors of i?
2, 23
Let m(q) = q**3 + 15*q**2 + 8*q - 11. Let a be m(-13). Suppose -5*w - 73 + a = 0. What are the prime factors of w?
2, 3, 5
Let w(f) = 4*f - 8*f - 2 + 3*f**2 - 3. List the prime factors of w(5).
2, 5
Suppose -g - 3*y - 19 = -4, 10 = 4*g - 2*y. Let i be 210/(-28)*(g - 6). What are the prime factors of (i*(2 + -3))/(-1)?
3, 5
Let x be 4 - (-318 + -1 + -1). Suppose 3*t + o = x, 2*t + 2*o = 4*o + 208. List the prime factors of t.
107
Let o = 28 - 15. Suppose -o*q + 192 = -11*q. List the prime factors of q.
2, 3
Let z(r) = 1579*r - 6. Let u be z(1). Suppose -f - u = -14*f. List the prime factors of f.
11
Suppose -8*n + 29496 - 3128 = 0. What are the prime factors of n?
2, 103
Let r(y) = 90*y - 523. What are the prime factors of r(7)?
107
Suppose 29*t - 5534 - 1832 = 0. What are the prime factors of t?
2, 127
Let n(l) = -116*l + 51. What are the prime factors of n(-3)?
3, 7, 19
Suppose 4*n - 10 = 3*n. Suppose 0 = -f + m - 0 + n, -36 = -4*f + 3*m. Suppose -f